s divided by o(i).
9
Let g(i) be the third derivative of i**5/60 - i**4/24 + 7*i**3/6 - 3*i**2. Let j be g(7). Calculate the remainder when 16 is divided by -7*1*(-42)/j.
4
Let o(l) = -7*l**3 - 15*l**2 - 7*l - 4. Let x(u) = 4*u**3 + 8*u**2 + 4*u + 2. Let z(s) = 3*o(s) + 5*x(s). Calculate the remainder when z(-5) is divided by 2.
1
Let a = 87 + -48. What is the remainder when a is divided by 43/3 + (-1)/3?
11
Let p = 85 - 58. Suppose 5*w + 14 - 84 = 0. Calculate the remainder when p is divided by w.
13
Let h = 12 - 41. Let z = 46 + h. Calculate the remainder when z is divided by 6.
5
Let j be (-4)/5*25/(-10). Calculate the remainder when j + 1/((-2)/(-32)) is divided by 7.
4
Suppose y + y - 24 = 0. Calculate the remainder when 35 is divided by y.
11
Let f(l) = -l**3 + 4*l**2 - 3*l - 2. Let b be f(3). Suppose 0 = -t + 7 - 4. Calculate the remainder when (b + 4 - 6)/(-1) is divided by t.
1
Suppose 0 = -2*n + 16. What is the remainder when 13 is divided by n?
5
Let o(z) = z + 3. What is the remainder when 102 is divided by o(12)?
12
Suppose -w = d - 27, -4*w - 3*d + 47 = -63. Let c = w + 65. What is the remainder when c is divided by 24?
22
Let a = 85 + -40. What is the remainder when 176 is divided by a?
41
Let s be (-1)/(-4) + (-9)/4. Let u be s - (-2 + -1) - -3. Suppose 5*y - 3*v - 159 = u, 2*v + 2 = 0. Calculate the remainder when y is divided by 17.
15
Let n(t) = -t + 5*t**2 - 2 + t + t**3. Let s(i) = i**2 + 2*i - 5. What is the remainder when s(-6) is divided by n(-2)?
9
Suppose -2*p - 9 = -5*j, j + 12 = 3*p + 2*p. Let d(x) = -x**2 + 5*x + 7. Calculate the remainder when j is divided by d(6).
0
Let z be 774/12*4/6. Let y = 10 + z. Let r = y - 31. Calculate the remainder when r is divided by 12.
10
Let c(u) = -16*u. Let i(q) = 9*q - 5. Calculate the remainder when i(4) is divided by c(-1).
15
Calculate the remainder when 8/12 - (1 + (-142)/3) is divided by 16.
15
Let w = 49 - 40. What is the remainder when w is divided by 3?
0
What is the remainder when (-50 - 12)*2/(-4) is divided by 10?
1
Let b(p) = -2*p - 13. Calculate the remainder when 11 is divided by b(-8).
2
Let x = 31 + -21. Calculate the remainder when 48 is divided by x.
8
Suppose 6*s - 2*s - 3*r - 25 = 0, -4*s + 2*r = -26. Let c be ((-3 - -51) + -2)/2. Let i = c - 10. Calculate the remainder when i is divided by s.
6
Let k(w) = -w**3 - 3*w**2 + 5*w + 4. Let z be k(-4). Suppose g - 11 - 11 = z. What is the remainder when g is divided by 8?
6
Calculate the remainder when 40 is divided by (0 + -5)/(2/(-4)) - -4.
12
Let u(g) be the third derivative of g**5/12 - g**4/12 + g**3/2 + g**2. Calculate the remainder when 74 is divided by u(2).
17
Let u = -3 - -6. Let y = 4 + u. What is the remainder when y is divided by (-7 + 1)*(-4)/6?
3
Let a = 63 + -48. Calculate the remainder when 58 is divided by a.
13
Let z = -3 + 19. Let h = z - 6. Suppose 13*l = 11*l + 36. What is the remainder when l is divided by h?
8
Suppose 0 = s + 2*p - 2, -5*s - 3*p = -8*p - 70. Calculate the remainder when 1*-1*(-696)/(-120)*-5 is divided by s.
9
Let u be 11*-1*(-5 - -6). Let t = 23 + u. Calculate the remainder when 206/t + 6/(-36) is divided by 6.
5
Suppose 6*l = 2*l - 4*q + 24, 0 = 3*l - 5*q - 58. What is the remainder when 30 is divided by l?
8
Let y(b) = 2*b - 5. Let u be y(4). Suppose 3*z = f + u*f - 60, 60 = 4*f + 4*z. What is the remainder when f is divided by 8?
7
Let l(x) = 2*x**2 - 4*x - 5. Suppose -42 + 154 = -4*t. Let c = t - -41. Calculate the remainder when l(5) is divided by c.
12
Suppose 78 = 6*d - 6. Calculate the remainder when 39 is divided by d.
11
Suppose 4*x - 9 = 4*m + 3, 2*m = 8. Suppose -2*o = -x - 115. What is the remainder when o is divided by 21?
19
Suppose i - 3 = -0*i. Suppose -6*y + 4*y - 34 = -4*z, 5*z - 41 = i*y. Calculate the remainder when 29 is divided by z.
9
Suppose -y + 319 = 2*l - 287, 4*l - 1220 = -4*y. What is the remainder when (1 + 0)/(7/l) is divided by 15?
13
Let l(t) be the second derivative of t**4/6 - t**3/3 - 2*t. What is the remainder when l(-2) is divided by (-2)/((-6)/21) + 0?
5
Suppose -i + 90 = 4*i. Calculate the remainder when 53 is divided by i.
17
Suppose -45*y = -41*y - 56. Calculate the remainder when 67 is divided by y.
11
Suppose 0 = x - 4*x - 36. Let i be -3 + 5 - (0 + x). What is the remainder when 12 is divided by (i/6)/(3/9)?
5
Suppose 0 = -5*d + 39 - 299. Let w = 34 - 9. What is the remainder when w is divided by d*(3/(-12) + 0)?
12
Suppose 10*v - 11*v = -18. What is the remainder when 52 is divided by v?
16
Calculate the remainder when (-4)/(-1) + 21 + -8 is divided by 6.
5
Suppose -4*p - j = -4*j + 408, 2*p + 190 = 5*j. Let a = -38 - p. Calculate the remainder when a is divided by 23.
21
Let d(x) = x**3 - 6*x**2 - 3*x + 8. Let q be d(6). What is the remainder when 17 is divided by (-4 - q)*3/2?
8
Let b(v) = 15*v - 45. What is the remainder when b(10) is divided by 27?
24
Let z(x) = 2*x**3 - x**2 - 3*x + 5. Let w be z(2). Let r = 18 - w. Calculate the remainder when r is divided by 3.
1
Suppose -5*a = 2*v + 3, a + 2*a + 1 = -v. Let r(x) = -x**2 + 11*x + 6. What is the remainder when r(5) is divided by (1 - v/(-2)) + 20?
17
Suppose -2*c + c + 4*i + 35 = 0, 0 = -5*c - 2*i + 131. What is the remainder when 78 is divided by c?
24
Suppose -n + 8*v = 3*v - 30, 0 = 5*n + v - 20. What is the remainder when 9 is divided by n?
4
Let t be (-5*1)/(2/(-20)). Suppose 0 = -4*c + 2*n + t, -12 - 13 = 5*n. What is the remainder when 28*(4/(-4) - -2) is divided by c?
8
Let c(g) = -g**3 + 5*g**2 - 3*g. What is the remainder when 15 is divided by c(3)?
6
Suppose 0 = 3*c - 111 + 36. Calculate the remainder when 322 is divided by c.
22
Suppose -5*l + 12 - 52 = 0. Suppose -3*p = 2*j - 0*j - 31, 5*j - 25 = 3*p. Calculate the remainder when (92/l)/(2/(-4)) is divided by j.
7
Let y(c) = 9*c**2 - 5*c + 4. Let h be y(3). Suppose 7*x - h = 2*x. Calculate the remainder when 40 is divided by x.
12
Let n = -22 + 13. Let z(a) be the second derivative of a**4/12 + a**3 + 5*a**2/2 + a. Calculate the remainder when z(n) is divided by 17.
15
Let u be (-26)/1*3/(-3). Let x = u + -20. What is the remainder when 21 is divided by x?
3
Let a = 6 - 4. Let v = 0 + a. What is the remainder when 7 is divided by v?
1
Let c = 3 - 2. Suppose -t = -0*t - 2*d + 3, -t = 2*d - 13. What is the remainder when 66/8 - c/4 is divided by t?
3
Suppose -4*n + 106 = -2*n. Let c(k) = -k**3 - 2*k**2 + 3*k + 1. Let o be c(-3). Let g(z) = 17*z**2 + 2*z - 1. Calculate the remainder when n is divided by g(o).
17
Let o(q) be the first derivative of -q**2/2 + 15*q - 2. Let u(b) = 21*b + 1. Calculate the remainder when u(2) is divided by o(0).
13
Suppose -4*r + 30 + 46 = 0. What is the remainder when 35 is divided by r?
16
Suppose -8*d + 70 = -50. What is the remainder when d is divided by 5?
0
Suppose 0 = 2*c - 3*f - 131, 4*c - 2*f - 253 = -3. Suppose -115 = -0*s - 5*s. Let w = c - s. What is the remainder when w is divided by 13?
12
Let n(g) = -7*g - 3. Let s(i) = 11*i + 4. Let b(k) = -8*n(k) - 5*s(k). What is the remainder when b(7) is divided by 6?
5
Let d = -81 - -88. What is the remainder when 29 is divided by d?
1
Suppose 4*j = -j. Suppose 8*u = 3*u + 2*b + 10, 2*b - 10 = j. Calculate the remainder when 2*(-1)/(-4)*22 is divided by u.
3
Let p = 156 + -62. Calculate the remainder when p is divided by 24.
22
Let f = 4 - 2. Suppose -4*d + 5*z = -106, -f*z + 149 = -3*d + 8*d. What is the remainder when d is divided by 15?
14
What is the remainder when 15 is divided by (4/12)/((-1)/(-24))?
7
Let s(h) = h**2 - 8*h + 1. Suppose -i + 0*i - 4 = 0. Let b(y) = y**3 + 5*y**2 + 3*y + 6. Let p be b(i). Calculate the remainder when s(p) is divided by 11.
10
Suppose -5*w + 11 = 3*h + 7, 0 = 3*w + 5*h + 4. What is the remainder when 4 is divided by w?
0
Suppose -2*q + 72 = -34. Calculate the remainder when q is divided by 3/(6/40) + -2.
17
Let f(x) = -x**3 - 7*x**2 - 6*x + 3. Let c be f(-6). Suppose 5*v - 18 = -c. Suppose -v*b + 14 = -2*b. Calculate the remainder when b is divided by 5.
4
Suppose -3*j = -9, 4*j = 4*a - 0*a - 44. Calculate the remainder when a is divided by 5.
4
Suppose 3 = -3*y - 3. Calculate the remainder when (-6)/y*43/3 is divided by 11.
10
Suppose 20 = -4*h - 4*l, l - 4 = 5*h + 9. What is the remai